 l and v.
6
Let b(i) = i**3 - 6*i**2 - i + 6. Let j be b(7). Let a = -23 + 14. Let o be 22 + -18 + (-1 - a). What is the highest common divisor of j and o?
12
Let p(y) = y**2 - 30*y + 68. Let u be p(28). Calculate the highest common factor of 30 and u.
6
Let j(q) = 3*q**2 + 11*q - 23. Suppose -4*p - 32 = -4*k, -4*p - 42 = -3*k - 2*k. Let v be j(k). Calculate the highest common divisor of 43 and v.
43
Suppose 0 = 664*z - 647*z - 23120. What is the greatest common factor of z and 320?
80
Suppose -2*m - 3*z = -801, 2*m + 4*z - 325 = 473. Suppose o = 4, -2*f + m = 3*f - 5*o. What is the greatest common divisor of f and 17?
17
Let p be (30/4)/(2/48). Let q(b) = -5*b + 4 + 0*b + 16 + b**2. Let a be q(5). What is the greatest common factor of p and a?
20
Let k = 1 - -7. Suppose -2*v + 180 = k*v. Calculate the greatest common divisor of 18 and v.
18
Let m be (-40)/(-6) + (-1)/(-3). Let w be 33/m + (-6)/(-21). Suppose 1 = w*b - 34. Calculate the highest common divisor of 49 and b.
7
Let l(r) = -r**3 + 3*r**2 + 6*r - 10. Let c be l(-5). What is the greatest common divisor of 64 and c?
32
Let j(g) = -g. Let z be j(2). Let o be z + 3 + 51 + 3. Suppose -5*b + 26 = h, -4*h - 2*b + 13 = -o. Calculate the highest common divisor of h and 80.
16
Let j = 491 + -471. Let x be -4*((-15)/20 + -3). Calculate the greatest common divisor of x and j.
5
Suppose -3*t + 0*t + 36 = 0. Let u = 48 - 24. What is the highest common factor of u and t?
12
Let j be 3/6 + (-36)/8. Let w be 51*((-26)/(-6) + j). Calculate the highest common factor of 136 and w.
17
Suppose 113 = -2*k + 377. Let c(i) be the second derivative of i**4/6 + 2*i**3/3 + 3*i**2/2 - i. Let g be c(-5). What is the highest common factor of g and k?
33
Suppose -11*v = -16*v + 480. Calculate the greatest common factor of v and 6.
6
Let w(r) = -r**3 - 8*r**2 - 14*r - 97. Let a be w(-8). Let b be 13 + 0 + 0 + 2. Calculate the highest common factor of b and a.
15
Let i be (69 - 63) + 1 + 97. Calculate the greatest common factor of 221 and i.
13
Suppose 0 = -3*x - 624 - 12. Let c = -121 - x. Suppose -y = -c + 1. What is the highest common divisor of y and 18?
18
Let d be 9/(-3) + 29 + 0. Let a(o) = -o**3 + 11*o**2 - 3*o + 15. Let v be a(10). Let k = v + -46. What is the greatest common factor of k and d?
13
Let v(o) = -125*o + 292. Let m be v(-4). Calculate the highest common factor of m and 88.
88
Suppose -263*i + 287*i = 504. Calculate the greatest common factor of i and 987.
21
Let k = -12 - -21. What is the greatest common divisor of k and 19?
1
Let u(h) = -2*h**2 - 40*h - 19. Let g be u(-19). Calculate the highest common factor of 513 and g.
19
Let y = 36 - 32. Suppose -4*a = w - 352, y*w = 3*a - 0*w - 264. Calculate the highest common factor of a and 11.
11
Let z = -309 + 395. Calculate the highest common factor of z and 43.
43
Let u(d) = 4*d + 16. Let b be u(-3). Suppose -o = -3*x + 3*o + 98, 5*o + 131 = b*x. Calculate the greatest common factor of 2 and x.
2
Let y be -3*(-3 - 44/(-6)). Let p = y + 43. Suppose -3*h = -h - 40. What is the greatest common factor of h and p?
10
Let m = 152 + -102. Let t be (-5 + m - 1)/2. Let l(q) = -22*q. Let g be l(-1). Calculate the highest common divisor of g and t.
22
Suppose -5*x = -718 - 122. Calculate the greatest common divisor of x and 294.
42
Let k(t) = 12*t - 70. Let j be k(14). What is the greatest common divisor of j and 42?
14
Let c = -580 - -634. Calculate the highest common factor of c and 297.
27
Let n be 36*4/6 - (-3)/3. Let j(u) = u**3 - 8*u**2 - 3*u - 4. Let f be j(9). Calculate the greatest common factor of f and n.
25
Let y be (4*5/40)/((-2)/(-48)). Let f(c) = -c**3 + 25*c**2 - 25*c + 78. Let s be f(24). Calculate the greatest common factor of y and s.
6
Suppose -3*i - 5*i = -288. Calculate the greatest common factor of i and 162.
18
Let t be 1/(2/4) + 22. Suppose -4 - 10 = -2*j + 2*r, 2*r = j - 11. Calculate the greatest common factor of j and t.
3
Suppose -k + 10602 = 18*k. What is the highest common factor of 6 and k?
6
Let p be 5 - 51/9 - 3962/(-3). Let l be (9/12*-1)/((-5)/p). What is the highest common divisor of 18 and l?
18
Let t(o) = -615*o**3 + o**2. Let z be t(-1). Suppose -3*f - f = -z. Calculate the highest common factor of f and 22.
22
Suppose -l + 434 = -5*x, -17*x - 16 = -13*x. What is the highest common divisor of l and 92?
46
Suppose 2*k - 2*q = -10, k - q + 1 = 4*k. Let l be k/(-4) - (-470)/40. Calculate the highest common divisor of l and 36.
12
Suppose -15552 = 36*r - 48*r. Calculate the highest common factor of r and 81.
81
Let i be (5/2)/((-2)/(-24)). Let t be 4/(48/(-27))*(-20)/3. Calculate the greatest common divisor of t and i.
15
Suppose 23 + 214 = 3*q + 2*u, -4*q = 3*u - 317. Let g be 14/10 + (-3360)/(-350). What is the highest common factor of g and q?
11
Suppose -1272 = 2*z + 2*z + 4*c, 939 = -3*z + 2*c. Let w = -189 - z. Calculate the greatest common divisor of 18 and w.
18
Let f = 1472 - 833. Calculate the highest common divisor of f and 71.
71
Let z(p) = p**2 - 7*p + 5. Let w be z(7). Suppose 0 = 4*l + 3*q + 7 - 56, -4*l - w*q = -55. What is the greatest common divisor of 50 and l?
10
Let d(b) = 5*b**2 - 8*b + 20. Let c be d(4). Let z(r) = -15*r - 3. Let i be z(-7). Calculate the greatest common factor of c and i.
34
Let y(m) = m**3 + 31*m**2 - 3*m - 41. Let l be y(-31). Calculate the highest common factor of 234 and l.
26
Suppose 3*m + 7 + 8 = 0, -4*m = 5*p. Let a be (56/12 - 2)*18/4. Calculate the highest common divisor of a and p.
4
Let d be (-4590)/189*(-7)/2. Calculate the highest common factor of d and 119.
17
Let t be (1 + (2 - 2))*36/4. Let n be (1 - 6/t)/((-3)/(-90)). Calculate the greatest common divisor of 25 and n.
5
Let f = 80 - 68. What is the highest common factor of f and 42?
6
Let w be 2/7 - 120/28. Let q be w*(-2)/(3 + 1). Let g(l) = l**2 + 2*l - 13. Let p be g(-7). Calculate the highest common factor of p and q.
2
Let y be (-55)/(5 + 6) + 1 + 319. Calculate the greatest common divisor of y and 45.
45
Let l(r) be the third derivative of -4*r**2 - 1/6*r**3 + 7/24*r**4 + 0 + 0*r. Let a be l(2). What is the greatest common factor of a and 104?
13
Suppose -3*k - 2*y = y + 114, 2*y = 2*k + 96. Let l = 45 + k. Calculate the highest common factor of l and 22.
2
Suppose 150 + 585 = 21*t. What is the highest common divisor of t and 21?
7
Let c(j) = -j - 4. Let f be c(-6). Suppose 0 = -f*k + 21 + 17. Suppose -48*z + 1013 = -5371. Calculate the highest common factor of k and z.
19
Suppose 5*p + 107 = 3*c, 4*c - 74 = 2*c + 4*p. What is the greatest common factor of 319 and c?
29
Let m(n) = -5*n + 86. Let l be m(9). Calculate the highest common divisor of l and 328.
41
Suppose -4*t + 52 = -4*c, -2*t - 4*c = -9*c - 14. What is the highest common divisor of t and 17?
17
Suppose 88 = p + 16. Calculate the greatest common factor of 18 and p.
18
Suppose 5*v - 143 = x + 2*x, 4*x + 108 = 4*v. Suppose 0 = -3*k - r + 182, -4*k + 236 = -0*k + 3*r. What is the greatest common divisor of v and k?
31
Suppose 0 = -3*p - 2*c + 61, -2*p + c + 30 = 5*c. Suppose 331 = 5*n - 799. Suppose -349 - n = -5*g. What is the greatest common factor of g and p?
23
Suppose -4*q - 8 = 4*m, 5*m + 18 = -0*q - q. Calculate the highest common divisor of 25 and q.
1
Let q(j) = j**2 - 13*j + 1. Let v be q(13). Let f be 1/v + (-162)/(-6). Let o be (0 + 6)*(-16)/(-24). Calculate the highest common factor of f and o.
4
Suppose 3*i = 82 + 2. Suppose -r - 8*x + 10*x + 76 = 0, 2*r - x = 164. Calculate the greatest common factor of i and r.
28
Suppose -76 = -13*f + 210. What is the greatest common divisor of f and 11?
11
Let d = 44 - -6. Suppose 250 = 7*y - 5*y. What is the highest common factor of y and d?
25
Suppose 3*f - k = 18, 22 = f - 0*f + 5*k. Let h(s) = s**3 - 6*s**2 + s - 6. Let d be h(f). Let t = d + -25. Calculate the highest common factor of t and 225.
25
Suppose -g + 1 + 4 = 0. Suppose 0 = -4*x - s + 85 + 62, 4*x = g*s + 129. What is the highest common factor of 18 and x?
18
Let p(v) be the second derivative of -v**5/20 + v**3/6 + 189*v**2/2 - 11*v. Let u be p(0). Calculate the greatest common divisor of u and 21.
21
Suppose -44*z + 26*z = -14400. Calculate the greatest common factor of 8 and z.
8
Suppose 4 = a + 8. Let x be a - (-10 - 4) - -2. 